est common divisor of 116 and v.
4
Suppose 0 = -9*k - 3*k + 48. Let r be -24*(k - 7 - (-1)/3). Calculate the highest common divisor of r and 16.
16
Let z = -38 + 43. Let h be 17/85 - (-1 + (-39)/z). Suppose 3*w = 2*w + 3. What is the highest common factor of h and w?
3
Let q(f) = -f**2 + 12*f - 17. Let t be q(10). Suppose -t*p + 3*i = -42, 0*p + 24 = 2*p - i. Calculate the highest common divisor of 2 and p.
2
Let j be 3/(-1 - 2)*-2. Suppose -j*a + 5*y - 31 + 94 = 0, -5*y + 33 = 2*a. Suppose -146 - a = -5*n. Calculate the highest common divisor of n and 51.
17
Suppose -6 = 6*v - 186. What is the highest common factor of v and 270?
30
Let x = -61 - -65. Suppose 5*k - 2*o = 28, -x*k - 4*o - 2 = -5*k. Calculate the highest common divisor of k and 42.
6
Suppose 3*i - 10 = 2. Let g(s) = -6*s - 6. Let f be g(-2). Calculate the greatest common divisor of i and f.
2
Let q(y) = 3*y - 9. Let c(x) = -11*x + 37. Let g(v) = -2*c(v) - 9*q(v). Let n be g(-4). Calculate the greatest common divisor of 243 and n.
27
Let m = -28 - -23. Let n(s) = s + 10. Let f be n(m). What is the greatest common factor of 1 and f?
1
Let j(o) = -6*o**3 + 3*o + 3. Let b = 38 - 40. Let x be j(b). What is the greatest common factor of x and 18?
9
Suppose 122*j - 118*j = 84. Let m(r) = 2*r**3 - 42*r**2 - r + 22. Let y be m(j). Calculate the greatest common divisor of y and 11.
1
Suppose o = -2*o + 24. Let m(z) = z**2 + 12*z + 48. Let j be m(-8). What is the greatest common divisor of j and o?
8
Let b be 32*2/6 - (-4)/(-6). Suppose 99 = b*o - 581. What is the highest common divisor of 17 and o?
17
Let c = 231 - 206. Let d(m) = -m**3 - m**2 + m + 1. Let y be d(-6). Calculate the greatest common factor of c and y.
25
Let i(c) = -c**3 - 5*c**2 - 6*c + 5. Let z = 85 - 89. Let u be i(z). What is the greatest common divisor of 143 and u?
13
Suppose 0 = 2*z - 4*f - 12, 5*f + 5 = 5*z - 10. Let k be (z - -2) + 135 + 3. Calculate the highest common factor of 56 and k.
28
Let q = 84 - 60. Suppose 0*h - 6*h + 720 = 0. Calculate the highest common divisor of q and h.
24
Let s be (-1)/(-1) - -1*10. Let v(b) = b**3 + 2*b**2 - 3*b + 4. Let i be v(-3). Suppose 6 = -i*w + 50. Calculate the highest common divisor of w and s.
11
Let p be (-15)/35 - 1958/(-77). What is the greatest common factor of 85 and p?
5
Let c(j) = j + 1. Let l be c(0). Suppose -y + 59 = -4*q, y + 7 = -2*q + 6*y. Let r = q - -17. What is the greatest common factor of r and l?
1
Let w = -174 + 278. Let k be (-4)/(-2)*(14 - 1). Calculate the greatest common divisor of w and k.
26
Let c = -219 + 259. What is the greatest common divisor of 30 and c?
10
Suppose 0 = -i - 4*o + 51 + 23, -5*i - o = -370. Calculate the greatest common divisor of i and 1850.
74
Let d = -333 + 365. What is the greatest common divisor of 352 and d?
32
Suppose -8*a + 10*a = 0. Let w(j) = 5 + 2 - 1 + j**3 + a - 13*j**2 - 16*j. Let o be w(15). What is the highest common factor of 24 and o?
24
Suppose 4*a + 20 = 0, 0 = -5*x + x + 4*a - 624. Let g = -136 - x. What is the greatest common factor of g and 5?
5
Suppose 0*i + 14 = i. Let t be 0 + (-16)/(-4) - 11. Let k be (-11 + 2 + 1)*t. What is the highest common factor of k and i?
14
Let r(w) = w + 6. Let u be r(-2). Let i = 24 - 16. What is the greatest common divisor of i and u?
4
Let j be ((-7)/(63/(-300)))/((-10)/(-105)). What is the greatest common divisor of 14 and j?
14
Let z = 165 + -535. Let k be 1 - z/4 - 69/46. What is the highest common factor of k and 230?
46
Let t be ((-18)/(-15))/((-8)/(-20)). Suppose t*w = -w - 68. Let x(k) = -2*k - 10. Let p be x(w). What is the greatest common divisor of 4 and p?
4
Suppose p + k = 112, 2*p = 6*p + k - 442. Suppose 5*i - p = 60. Suppose -4*h - 1 + 205 = 0. Calculate the greatest common divisor of h and i.
17
Let i be (-17)/136 + (-209)/(-8). Let k be (-176)/(-18) + 12/54. Suppose 2*v = k, 61 + 244 = 5*x - 4*v. Calculate the greatest common factor of x and i.
13
Suppose 5*u + 1094 = 3*k, k + 8*u - 171 = 184. Let p be (0 - -1)*-1 - -34. What is the greatest common divisor of k and p?
33
Let i = 488 - 479. Calculate the highest common factor of 2 and i.
1
Let l be (4 + -3)/(1/153). Suppose -3*t = -4*j + 42, 0*j = 4*j + 5*t - 26. What is the highest common factor of j and l?
9
Let d(s) = -s**3 - 2*s**2 - s - 6. Let r be d(-3). What is the greatest common divisor of r and 15?
3
Let k = -9 + 48. Let b(i) be the first derivative of i**4/4 - 13*i**3/3 + 7*i**2 - 11*i + 20. Let d be b(12). What is the greatest common divisor of d and k?
13
Suppose 0 = 4*d - 42*d + 1596. What is the highest common factor of 294 and d?
42
Let f = 561 - 541. Let b be (-15 - -14) + 102 + -1. What is the highest common divisor of b and f?
20
Suppose 2*a - 2*k = 2*k + 80, -2*a + 68 = -k. Calculate the highest common divisor of a and 80.
16
Let w be 220/15*54/(-4). Let r be (-2 + 1)/(9/w). Calculate the highest common factor of r and 198.
22
Let t(z) = -z**3 - 9*z**2 + 21*z + 13. Let q be t(-11). Calculate the highest common divisor of 112 and q.
8
Let i = -176 - -244. What is the highest common factor of i and 408?
68
Let z(y) = -10*y + y**2 - 2*y**2 + 10 + 2. Let h be z(-9). Calculate the highest common divisor of h and 21.
21
Suppose k + 5*h - 2845 = 0, k - 7*h = -4*h + 2837. Calculate the highest common factor of 71 and k.
71
Suppose -15 = x + 6. Let a = x + 29. Calculate the highest common factor of 16 and a.
8
Let t(i) = 25*i - 5. Let r be t(-2). Let h be (1*20)/((-22)/r). What is the greatest common factor of 10 and h?
10
Let g(i) = -4*i + 47. Let j be g(11). Suppose 5*z = f - 7, 2*f + z + 30 = 88. Calculate the highest common factor of j and f.
3
Let f be (-7 - (-68)/8)*(1 + 1). Suppose -4*g + 449 = 3*m - 3*g, -2*g = -5*m + 752. Suppose -5*z = -f*z - m. Calculate the highest common factor of z and 30.
15
Let l be -4 + 0 - 3*16/(-12). Suppose d = 5*v - l*v - 162, -8 = 4*d. Calculate the highest common factor of 288 and v.
32
Suppose 0 = 3*a - 0*a + 15. Let x = 13 - a. Let o be 10*(-30)/(-4) - 3. What is the greatest common factor of x and o?
18
Let t(b) = 9*b - 3. Let q be t(5). Let d = 34791 + -34773. Calculate the greatest common divisor of d and q.
6
Let i be ((-4)/8)/(-2*(-1)/(-164)). Suppose 4*j - 64 = 2*z - 6*z, 3*z - i = 4*j. Let b = 149 - 89. Calculate the highest common factor of z and b.
15
Suppose 5*v = b + 16, b - 17 + 23 = 3*v. Let t be 4/(-6) - (-5)/3. Calculate the greatest common divisor of b and t.
1
Let s(a) = -21*a - 6. Let y be 7/(-2) + (-18)/(-12). Let t be s(y). What is the greatest common divisor of 90 and t?
18
Suppose 4*l - 653 - 319 = 0. Suppose 631 + 233 = 32*x. Calculate the highest common factor of l and x.
27
Suppose 0 = -3*y, y - 24 = -v + 4*v. Let x = 9 + v. Suppose 5*b + 0*b - 2 = 3*f, -4*f = -3*b - 1. What is the highest common factor of x and f?
1
Let w be 8/20*(-2900)/(-40). Calculate the highest common divisor of w and 261.
29
Let g = -28 + 14. Let m = g - -21. Suppose 3*j = -j + 28. What is the greatest common divisor of j and m?
7
Suppose 35*f = 38*f - 30. Suppose 0*h - 150 = -3*h. Calculate the highest common factor of h and f.
10
Let l = -189 + 219. Calculate the greatest common factor of l and 390.
30
Suppose -v + p - 38 = -2*v, -170 = -5*v - p. Suppose -46*j + 6649 = -941. What is the highest common factor of v and j?
33
Let b(l) = 520*l**3. Let u be b(1). Suppose -3*n + 312 = -0*o + 4*o, -5*n + 4*o = -u. Suppose -52 = -4*g - 0*g. What is the highest common divisor of n and g?
13
Let y be (-3*18/7)/((-6)/756). Calculate the highest common factor of 72 and y.
36
Suppose 6 = j + 2*j. Suppose -7*b = -j*b - 60. Let t(v) = v**3 + 6*v**2 - 19*v - 112. Let u be t(-5). Calculate the greatest common divisor of u and b.
4
Let v = -56 + 122. Let j(m) be the second derivative of -m**3/3 - m**2/2 - 10*m. Let i be j(-6). Calculate the greatest common divisor of i and v.
11
Suppose -3*g - 5*q = -5785, 5*g - 4*g - 1935 = -3*q. Calculate the highest common factor of 8 and g.
8
Suppose 10 = 5*w, 3*s = -7*w + 12*w + 17. Calculate the greatest common factor of 1 and s.
1
Let d be (-6)/(-21) + 122/14. Let o be (0 + 4 - 3) + 3. Suppose -36 = -o*n - 0*n. What is the greatest common factor of n and d?
9
Let x = 55 + 71. Suppose x = 4*y - y. Let m(d) = 7*d - 77. Let r be